2.
121
What is the remainder when 35183 is divided by 1303?
2
What is the remainder when 120314 is divided by 66?
62
Calculate the remainder when 10179 is divided by 328.
11
What is the remainder when 42103 is divided by 423?
226
What is the remainder when 27485 is divided by 49?
45
What is the remainder when 5548 is divided by 693?
4
What is the remainder when 69465 is divided by 20?
5
Calculate the remainder when 3061 is divided by 118.
111
What is the remainder when 22714 is divided by 44?
10
Calculate the remainder when 728 is divided by 266.
196
What is the remainder when 155583 is divided by 352?
351
Calculate the remainder when 193735 is divided by 397.
396
Calculate the remainder when 17653902 is divided by 491.
488
Calculate the remainder when 809 is divided by 416.
393
Calculate the remainder when 52000 is divided by 3999.
13
Calculate the remainder when 568697 is divided by 951.
950
Calculate the remainder when 47015 is divided by 595.
10
Calculate the remainder when 330055 is divided by 110006.
37
What is the remainder when 8913 is divided by 106?
9
Calculate the remainder when 36575 is divided by 9139.
19
Calculate the remainder when 4651 is divided by 599.
458
What is the remainder when 2389 is divided by 23?
20
What is the remainder when 325754 is divided by 4721?
5
Calculate the remainder when 7128 is divided by 22.
0
Calculate the remainder when 851 is divided by 731.
120
Calculate the remainder when 47400 is divided by 19.
14
Calculate the remainder when 48147 is divided by 321.
318
Calculate the remainder when 41475 is divided by 66.
27
What is the remainder when 63767 is divided by 483?
11
Calculate the remainder when 263584 is divided by 35.
34
What is the remainder when 73873 is divided by 15?
13
Calculate the remainder when 4536 is divided by 2224.
88
Calculate the remainder when 46302 is divided by 4206.
36
Calculate the remainder when 124251 is divided by 9.
6
Calculate the remainder when 593060 is divided by 31.
30
What is the remainder when 154557 is divided by 148?
45
What is the remainder when 1062 is divided by 577?
485
Calculate the remainder when 65167 is divided by 785.
12
What is the remainder when 48536 is divided by 60?
56
What is the remainder when 4642 is divided by 926?
12
Calculate the remainder when 19270 is divided by 11.
9
What is the remainder when 138585 is divided by 244?
237
Calculate the remainder when 3818590 is divided by 8.
6
Calculate the remainder when 48694 is divided by 3744.
22
Calculate the remainder when 42476 is divided by 146.
136
What is the remainder when 19734 is divided by 761?
709
What is the remainder when 2296 is divided by 112?
56
Calculate the remainder when 21558 is divided by 88.
86
Calculate the remainder when 8019 is divided by 4004.
11
Calculate the remainder when 118347 is divided by 225.
222
Calculate the remainder when 5257 is divided by 1891.
1475
What is the remainder when 7029 is divided by 1085?
519
What is the remainder when 113413 is divided by 7556?
73
What is the remainder when 255661 is divided by 18260?
21
What is the remainder when 14822 is divided by 494?
2
Calculate the remainder when 27191 is divided by 819.
164
Calculate the remainder when 272565 is divided by 970.
965
What is the remainder when 379 is divided by 82?
51
What is the remainder when 119447 is divided by 29?
25
Calculate the remainder when 2094463 is divided by 13.
7
Calculate the remainder when 11001 is divided by 239.
7
What is the remainder when 3757 is divided by 164?
149
What is the remainder when 1300 is divided by 72?
4
Calculate the remainder when 457883 is divided by 13.
10
Calculate the remainder when 15219 is divided by 1890.
99
Calculate the remainder when 3766 is divided by 594.
202
Calculate the remainder when 2173 is divided by 2135.
38
What is the remainder when 1484 is divided by 303?
272
What is the remainder when 23703 is divided by 4740?
3
Calculate the remainder when 1476 is divided by 99.
90
What is the remainder when 1506791 is divided by 21?
20
What is the remainder when 755054 is divided by 12?
2
What is the remainder when 43933 is divided by 2584?
5
Calculate the remainder when 1965 is divided by 32.
13
What is the remainder when 13840 is divided by 2761?
35
What is the remainder when 1095 is divided by 79?
68
Calculate the remainder when 203725 is divided by 68.
65
Calculate the remainder when 209854 is divided by 4.
2
What is the remainder when 14406 is divided by 672?
294
Calculate the remainder when 108356 is divided by 252.
248
What is the remainder when 3602 is divided by 35?
32
Calculate the remainder when 91 is divided by 19.
15
What is the remainder when 1157 is divided by 398?
361
What is the remainder when 4747 is divided by 176?
171
What is the remainder when 22785 is divided by 56?
49
What is the remainder when 243724 is divided by 60927?
16
Calculate the remainder when 3379 is divided by 161.
159
What is the remainder when 305438 is divided by 23?
21
Calculate the remainder when 1299 is divided by 418.
45
What is the remainder when 30127 is divided by 279?
274
What is the remainder when 13035 is divided by 174?
159
What is the remainder when 43751 is divided by 158?
143
Calculate the remainder when 5479 is divided by 238.
5
What is the remainder when 18047 is divided by 9023?
1
What is the remainder when 6692 is divided by 1329?
47
Calculate the remainder when 11070 is divided by 285.
240
What is the remainder when 6404 is divided by 145?
24
What is the remainder when 889 is divided by 874?
15
What is the remainder when 2932 is divided by 2887?
45
Calculate the remainder when 4758 is divided by 192.
150
What is the remainder when 63214 is divided by 89?
24
What is the remainder when 15714 is divided by 930?
834
Calculate the remainder when 3237 is divided by 430.
227
Calculate the remainder when 936 is divided by 278.
102
What is the remainder when 18346 is divided by 497?
454
What is the remainder when 11183 is divided by 352?
271
Calculate the remainder when 21742 is divided by 207.
7
What is the remainder when 426784 is divided by 9?
4
What is the remainder when 453 is divided by 17?
11
What is the remainder when 187249 is divided by 350?
349
What is the remainder when 814056 is divided by 21?
12
Calculate the remainder when 20348 is divided by 117.
107
What is the remainder when 7296 is divided by 20?
16
What is the remainder when 3479 is divided by 232?
231
What is the remainder when 1923513 is divided by 153?
150
Calculate the remainder when 25126 is divided by 206.
200
Calculate the remainder when 2990 is divided by 124.
14
What is the remainder when 59177 is divided by 77?
41
What is the remainder when 47186 is divided by 27?
17
What is the remainder when 79384 is divided by 97?
38
Calculate the remainder when 4008 is divided by 135.
93
Calculate the remainder when 23532 is divided by 7842.
6
Calculate the remainder when 14219 is divided by 58.
9
Calculate the remainder when 5735 is divided by 30.
5
What is the remainder when 381219 is divided by 190607?
5
Calculate the remainder when 734639 is divided by 208.
191
Calculate the remainder when 2516 is divided by 1254.
8
What is the remainder when 106078 is divided by 100?
78
Calculate the remainder when 18330 is divided by 509.
6
Calculate the remainder when 834 is divided by 34.
18
Calculate the remainder when 31576 is divided by 7893.
4
What is the remainder when 31704 is divided by 153?
33
Calculate the remainder when 112488 is divided by 10.
8
Calculate the remainder when 103286 is divided by 51627.
32
Calculate the remainder when 129255 is divided by 62.
47
Calculate the remainder when 4665 is divided by 216.
129
What is the remainder when 96026 is divided by 12002?
10
What is the remainder when 6935 is divided by 980?
75
What is the remainder when 10976 is divided by 36?
32
What is the remainder when 90828 is divided by 12?
0
What is the remainder when 9398382 is divided by 212?
210
Calculate the remainder when 1706 is divided by 8.
2
Calculate the remainder when 329455 is divided by 22.
5
Calculate the remainder when 2368 is divided by 19.
12
Calculate the remainder when 3514 is divided by 12.
10
Calculate the remainder when 13639411 is divided by 23.
20
Calculate the remainder when